*j + f. List the prime factors of j.
2
Let s(r) = r**2 - 10*r + 22. Let w be s(15). Let h = w - 53. List the prime factors of h.
2, 11
Suppose -5*s + 4*r + 50 = 0, 0*s - 2*r = 4*s - 40. List the prime factors of (-29)/(-2) + (-5)/s.
2, 7
Let y(j) = -37*j**3 + 2*j - 5*j + 2 + 5*j**2 + 38*j**3. Suppose 3*u - 37 = 5*b, -3*b - 5*u + 5 = -0*b. What are the prime factors of y(b)?
17
List the prime factors of ((-231)/(-7) + 2)*(-60)/(-14).
2, 3, 5
Suppose 4*g + 23 = -4*c + 5*c, 0 = -4*c + 2*g + 162. List the prime factors of c.
43
Let z(p) = 0*p**3 + 7*p + 1 - 9*p**2 - 1 - 3 - p**3. What are the prime factors of z(-10)?
3
Let w = -47 - -73. Let m = 8 + w. What are the prime factors of m?
2, 17
Suppose -10*k + 871 = -159. List the prime factors of k.
103
What are the prime factors of (-95)/(-2) + 2/(-4)?
47
What are the prime factors of (1 + 5)/(((-40)/44)/(-5))?
3, 11
What are the prime factors of (49/2 - 0)*2?
7
Let f(t) be the second derivative of t**4/12 - t**3/2 + t**2/2 + 2*t. What are the prime factors of f(5)?
11
Let q be 12/4 + (-1)/1. Suppose -l = q*l - 9. What are the prime factors of 11 - -2*(l - 2)?
13
Let x(w) = 2*w - 2. Let q be x(4). Let p = q - 1. Suppose 3*z - 2*z = p. What are the prime factors of z?
5
Let a = -110 - -244. What are the prime factors of a?
2, 67
Let q = 4 + 0. Suppose f = 5*f - q. List the prime factors of (f - 5/1)*-2.
2
Suppose i - 37 = -5*b, -2*b + 125 = 5*i + 3*b. What are the prime factors of i?
2, 11
Let c(o) = 5*o**2 - 2*o + 3. Let t = -7 - -9. What are the prime factors of c(t)?
19
Let u(f) = -f - 4. Let z be u(-8). Suppose -3*v - 5 = -5*i + 30, z*v = 5*i - 35. List the prime factors of 2/i + (-366)/(-42).
3
Let n = -60 - -170. Suppose 5*w - n = -25. List the prime factors of w.
17
Let k(b) = -8*b**3 + 2*b**2 + b - 1. What are the prime factors of k(-2)?
3, 23
Let l = 632 - 310. List the prime factors of l.
2, 7, 23
Suppose -2 = -0*p - p. Let l(u) = -u**3 - u. Let w(r) = -11*r**3 - r**2 - 1. Let a(g) = p*l(g) + w(g). List the prime factors of a(-1).
13
Suppose 3*c = -c + 196. List the prime factors of c.
7
Suppose 14*j - 6111 = -1547. What are the prime factors of j?
2, 163
Let u(r) = 13*r - 1. Let a be u(1). Let p be a*-1*10/(-8). Let z = -8 + p. List the prime factors of z.
7
Suppose 4*s = 4*l - 12, 0 = -5*l + 5*s - 2*s + 23. What are the prime factors of l?
7
What are the prime factors of 156/(-5)*(-15 + 4 + 6)?
2, 3, 13
Let i = -1 - -1. Suppose 4*s + 4 = 6*s, -n + 5*s - 5 = i. What are the prime factors of n?
5
Suppose 4*r - 12 = 0, 0 = -2*w - 5*r + 107 - 12. What are the prime factors of w?
2, 5
Let a(n) = 7*n**2 - 10*n + 2. What are the prime factors of a(5)?
127
Let k = 8 + -39. Let m = 43 + k. What are the prime factors of m?
2, 3
Let v(f) be the first derivative of 9*f**2 - 6*f + 1. Let m be v(4). Suppose -m = -5*p + 4*a, -4*a = 2*p + a. What are the prime factors of p?
2, 5
Let p(l) = l**3 - l**2 + l + 1. Let j be p(2). Suppose j = 4*o - 9. Suppose o*i - 16 = 4. What are the prime factors of i?
5
Let x = -10 + 12. Suppose 44 = 5*w + 2*d, 0 = -2*w - w + x*d + 36. What are the prime factors of w?
2, 5
Suppose 2*j = -2*l - j + 82, -164 = -4*l - 2*j. List the prime factors of l.
41
Suppose 0 = r - 3. Suppose r*o - 49 = -13. List the prime factors of o.
2, 3
What are the prime factors of 125*(-3)/4*8/(-6)?
5
Let y = 18 + -10. Let g = 6 + y. What are the prime factors of g?
2, 7
List the prime factors of 133 + (15/75 - (-18)/10).
3, 5
Suppose -6*w + 10*w = 364. What are the prime factors of w?
7, 13
Suppose -i - 3*w + 28 = -0*w, 3*i = 5*w + 84. What are the prime factors of i?
2, 7
Let j(p) = -p**3 - 3*p**2 - 4*p + 15. List the prime factors of j(-5).
5, 17
Suppose w - 6 = 28. Let z = -63 + w. Let q = z - -41. What are the prime factors of q?
2, 3
Let w be (-2 + 210)*1/2. List the prime factors of 4/10 - w/(-40).
3
Suppose -2*c + 22 = 2*x, -x + 55 = 5*c + 3*x. Let v = -3 + c. List the prime factors of v.
2
Let i(o) = -2*o**3 - 5*o**2 + 3*o + 3. What are the prime factors of i(-4)?
3, 13
Let w be (-1 - 2)*(-9)/9. Suppose w*o = 3*p + 126, -4*p + 49 = 2*o + p. What are the prime factors of o?
37
Let s be (0 - -1)/((-3)/(-9)). Suppose -63 = -6*q + s*q. List the prime factors of q.
3, 7
Let w(h) = 118*h - 6. What are the prime factors of w(2)?
2, 5, 23
Let g(i) = -i**2 - 4*i + 4. Let t be g(-5). What are the prime factors of 2/(-2 - t) - -17?
3, 5
Let z = 268 + -37. List the prime factors of z.
3, 7, 11
Let y = -2 - -2. Let j be 1/((-3)/30 + y). Let w(l) = -l - 1. What are the prime factors of w(j)?
3
Suppose 115 + 5 = 2*h. Suppose 5*c - 2*a + 3*a - 40 = 0, -h = -5*c + 3*a. List the prime factors of c.
3
Let x(g) = g**3 - 3*g**2 - 3*g + 37. Let t(d) = -d**2 - d + 1. Let a(c) = -4*t(c) + x(c). What are the prime factors of a(0)?
3, 11
Let c = 5 - 3. Let p = c + 0. Suppose -5 = g - p*g. List the prime factors of g.
5
Let a(z) = 35*z - 9. What are the prime factors of a(2)?
61
Suppose -3*q - 19 + 1 = 0. What are the prime factors of 38/3 - 2/q?
13
List the prime factors of (-1 - 4)*78/(-30).
13
Let r(u) = u**3 + 3*u**2 - u. Let y be r(-3). Suppose -5*h = -4*h - 4*o, 4*h - 19 = -y*o. List the prime factors of ((-9)/h)/((-6)/16).
2, 3
Let s(y) = 3*y**2 - 8*y + 9. List the prime factors of s(10).
229
Suppose -3 = -3*q + 2*q. Let f(j) = 2*j**3 - 5*j**2 + 3*j. List the prime factors of f(q).
2, 3
Suppose 0 = 4*w + 3*l - 82, -l = l - 4. Suppose -5*m = -w - 11. What are the prime factors of m?
2, 3
List the prime factors of (-394)/(-8) - (-7)/(-28).
7
Suppose 0 = 3*g - 3*n, 4*n + 20 = -n. List the prime factors of (-445)/(-35) - g/14.
13
Let y be 203/(-21) + (-2)/(-3). Let b be (-29)/y + 2/(-9). Suppose 2*f - 20 = -2*g, 5*g + b*f - 30 = 14. What are the prime factors of g?
7
Let l(c) = -2*c - 9. Let o be l(-6). Suppose -o*t - x = -0*x - 32, 2*t - 43 = -5*x. List the prime factors of t.
3
Let z be -1 + 0 + 0 + 22. List the prime factors of (-7)/z - (-14)/6.
2
Suppose -3*p + 12 = -6. Suppose -5*z + 14 = -4*n, 1 = -2*z + n + p. List the prime factors of z.
2
Suppose 0 = l - 3*l. Suppose -w + 6 = -l*w. List the prime factors of w.
2, 3
List the prime factors of ((-2)/(-4))/(6/3432).
2, 11, 13
Let o(k) = -k**2 + 5*k + 3. Let q be o(6). Let m be (-53)/(-4) + q/12. Suppose 2*l = m + 23. What are the prime factors of l?
2, 3
Let w = 16 - 10. Let o = -3 + w. List the prime factors of o.
3
Let j(w) = -w + 0*w - w**3 + 7 + w**2 + 14. Let f be j(0). List the prime factors of (12/(-7))/((-3)/f).
2, 3
Suppose 2*x - 93 - 33 = 0. List the prime factors of x.
3, 7
Suppose n = -n - 3*t + 21, 3*n + 11 = 4*t. Suppose 13 = 3*d + c, -d + 4*d - 9 = -n*c. List the prime factors of d.
5
Let p(g) = -18*g - 4. List the prime factors of p(-2).
2
Let o be (5/(-5))/(1/(-43)). Let a = -29 + o. What are the prime factors of a?
2, 7
Let q(b) = -b**3 - 12*b**2 + 12*b - 8. Let h be q(-13). Suppose 0 = -h*c - 5 + 35. Let l(x) = x - 3. What are the prime factors of l(c)?
3
Suppose 5*h + 1134 = -3*o, -2*o - 450 = 2*h + o. What are the prime factors of h/(-54) - 6/27?
2
List the prime factors of (-624)/(-10) + (-2 - (-24)/15).
2, 31
Let v = -2 + 2. Suppose -n + 5*n = v. Suppose 5*m + 6 - 16 = n. List the prime factors of m.
2
Let u be 2/3 - (-16)/12. Suppose u*r - 3*o - 33 = 0, -3*r - 2*r + 63 = -o. What are the prime factors of r?
2, 3
Let x = -5 - -1. Let s = -1 - x. Suppose 2*z = 19 - s. What are the prime factors of z?
2
Let r be (1/(-3))/((-5)/15). Suppose -v = y - 46, r = -5*v + 6*v. Suppose 76 = 5*d - 2*s, d - y = -2*d + s. What are the prime factors of d?
2, 7
Let z(x) be the first derivative of 17*x**3/3 + x**2/2 + 2. What are the prime factors of z(-1)?
2
Suppose 4*d + 61 = -99. List the prime factors of (6/4)/((-15)/d).
2
Let t(c) = c**2 - 9*c + 2. Let y be t(9). Suppose -13 = -y*o - 3. What are the prime factors of o*(-1 + (0 - -2))?
5
Let f be (-12)/(-9)*102/(-4). Let z = -18 - f. What are the prime factors of z?
2
Suppose -3*g = -4*r + 5 - 67, 62 = 4*g + 5*r. What are the prime factors of g?
2, 3
Suppose 4*c - 186 = 2*u, 4*u - 3*u = -3*c + 142. List the prime factors of c.
47
Let c be 0 + -1 - 2/(-2). Suppose c = -3*q - 3*q + 222. What are the prime factors of q?
37
Suppose 0*u = -3*u + 48. Let d be (-190)/(-8) - (-4)/u. Suppose w - d = -9